. Let k(h) = h + 31. Let z be k(a). Suppose -z = f - 2*f. What is the greatest common divisor of 8 and f?
4
Let g be 39*(-2 - (-20)/6). Let j be ((-168)/(-18))/(4/(-18)). Let a = j + g. Calculate the highest common divisor of 60 and a.
10
Suppose -44*o + 1428 = -27*o. Let p = 114 - 68. Suppose f + 45 = 3*f - 3*i, -4*i - p = -2*f. Calculate the highest common factor of f and o.
21
Let p(r) = -r**2 + 20*r - 39. Let f be p(12). Suppose s + s = -102. Let i = s + f. Calculate the highest common divisor of i and 42.
6
Let q be 25/20*4 - 1/1*-5. Let i(j) = 6 - 50 + 20*j - 9*j. Let f be i(q). What is the highest common factor of f and 44?
22
Suppose 3 = 2*v - 7, -v = 4*j - 421. Let y(p) = -p**2 + 1379*p - 8160. Let h be y(6). Calculate the greatest common divisor of j and h.
26
Suppose -26 = 4*h - 34. Let x be 0 + h - 11/(33/(-189)). Calculate the greatest common factor of 65 and x.
65
Let l(i) = 7*i + 20*i**2 - 36*i**2 + 15*i**2 - 1. Let j be l(4). Suppose -21 + j = -k. What is the highest common divisor of 20 and k?
10
Suppose -518*o = -513*o - 3*r - 300, 3*o + 3*r = 204. Calculate the highest common factor of 13104 and o.
63
Let p(k) = -k**3 - 6*k**2 - 7*k - 3. Let f be p(-3). Let s be (3 - 219/f)*(-4 + 34). Calculate the greatest common factor of s and 20.
20
Let h = 6 + -8. Let x be (4 + 0)*h/(-4). Let p(a) = a**3 - 19*a**2 + 494*a - 3245. Let n be p(8). What is the highest common factor of x and n?
1
Let d(m) be the second derivative of m**4/12 - m**3/2 - 12*m**2 - 8*m + 4. Let i be d(-6). Calculate the highest common divisor of i and 24.
6
Suppose 28*r = -13*r + 1168 + 1128. Calculate the highest common divisor of r and 5432.
56
Let z(l) = 63*l + 463. Let v be z(21). What is the highest common divisor of v and 38?
38
Let s be (1 - (-7)/28*-66)/(1/(-72)). Calculate the highest common factor of s and 144.
36
Let y(w) = w**3 + 4*w**2 + 4*w + 9. Let s be 1/((-15)/(-10)) + (-22)/6. Let b be y(s). Calculate the highest common divisor of 102 and b.
6
Let y be (-2000)/(-350) + 24/56*(-4)/(-6). Calculate the highest common divisor of 6852 and y.
6
Suppose -4*l - 1 = 11. Let w be (60/18)/((-2)/l). Suppose -2*p = -0*p - v - 263, w*p - 2*v = 658. What is the highest common divisor of 22 and p?
22
Let w be -2*2/(-12) + (-8432)/(-102). Let q = 95 - w. What is the greatest common divisor of 708 and q?
12
Suppose -3*y + 12 = -4*x, -5*x = -2*y + 10 - 2. Suppose y*j + 0*j = 1276. Let w = -958 - -987. Calculate the highest common divisor of w and j.
29
Suppose 7*p = 2*p. Let n(k) = -k**2 - k + 179. Let s be n(p). Suppose 3*h - s - 10 = 0. Calculate the greatest common factor of 9 and h.
9
Let p(o) = o**3 + 3*o**2 + 2*o. Let y be p(0). Suppose y*m + 3*m - 5*s - 55 = 0, m - s - 19 = 0. What is the greatest common divisor of 20 and m?
20
Let v = 1193 + -899. Suppose 2*h + v = 4*l, -4*h = 6*l - 8*l + 138. Calculate the greatest common divisor of l and 175.
25
Suppose -55 - 9 = 329*j - 393. Let q = -15 + 26. Calculate the highest common divisor of j and q.
1
Let f = -278 - -473. Suppose 0 = -28*w - 24*w + 780. What is the highest common factor of f and w?
15
Let l = 116 - 123. Let o be 2 + 19 + l + (9 - 5). What is the highest common factor of o and 42?
6
Suppose -76*t = -69*t - 13335. Suppose 3*o - 6*c + 3*c = t, -2*o - 5*c = -1305. Calculate the highest common divisor of 10 and o.
10
Suppose -4*f = -f + 2*s - 51, -5*s = 3*f - 51. Let b = -1606 - -1623. Calculate the highest common divisor of b and f.
17
Let s = -10039 + 10410. What is the highest common divisor of 2067 and s?
53
Suppose -3*v + 109 - 184 = 0. Let p be 20/(-12)*630/v. Suppose 0 = -0*x - 2*x + 126. Calculate the greatest common factor of x and p.
21
Suppose 3*n + 210 = -t + 6*t, -5*t + 245 = 4*n. Let p be (t/20)/((-4)/(-32)). Calculate the highest common divisor of 102 and p.
6
Suppose -4*u - 96 = -3*m - 9*u, 4*m = 4*u + 96. Let i(f) = -f**2 - 5*f + 735. Let d be i(21). What is the highest common divisor of d and m?
27
Let g = 16417 - 16408. What is the greatest common divisor of g and 9441?
9
Let c(p) = 4*p + 44. Let b be c(-10). Suppose 54 = b*h + 3*t, h = -t + 13 + 1. Suppose -11*y = -h*y + 40. Calculate the highest common factor of 280 and y.
40
Suppose -470 = -3*p - 230. Let b be 18*2*(-12)/(-9). What is the highest common divisor of b and p?
16
Let m = 14386 - 14316. Calculate the greatest common divisor of m and 56.
14
Suppose 7*d - 5*d - 132 = -20*d. Calculate the greatest common divisor of 4566 and d.
6
Suppose a - 3*z - 191 = 184, -736 = -2*a - z. Calculate the highest common factor of 81 and a.
9
Suppose 7 + 761 = 24*d. Let b be 2 + -5 - -790 - 3. Suppose -b + 144 = -4*u. Calculate the greatest common factor of u and d.
32
Let d = 9 + -5. Let y(w) = -5*w + 32. Let n(a) = -a**2 + 9*a - 8. Let x be n(8). Let o be y(x). What is the greatest common factor of o and d?
4
Let u = -7993 + 8588. What is the highest common factor of 630 and u?
35
Let x(i) = -i**3 - 17*i**2 + 22*i + 79. Suppose 5*h = 2*n - 82, 3*h + 4*n = -44 - 26. Let l be x(h). Calculate the highest common divisor of l and 175.
7
Let o(i) = -i**2 - 13*i + 6. Let r be o(-14). Let w(n) = -n**2 - 23*n - 15. Let k be w(r). Calculate the greatest common divisor of 15 and k.
15
Suppose -135676 = -123*k + 19734 + 68573. Calculate the greatest common divisor of 6 and k.
3
Let h = -73 + 81. Suppose 4*s = h + 12. Suppose 0 = s*z - 201 - 74. Calculate the highest common factor of 22 and z.
11
Let t be (-5)/(35/28)*2*(-45)/72. What is the highest common divisor of t and 485?
5
Let c = 8021 - 3495. Calculate the greatest common factor of c and 31.
31
Let f(w) = -231*w + 13090. Let u be f(0). Calculate the highest common divisor of 85 and u.
85
Suppose -226 = -20*q - 106. Calculate the highest common factor of q and 3054.
6
Let u be (-16)/(-56) + 7230/(-21). Let h = u - -352. Calculate the highest common factor of h and 4.
4
Let l = -226 + 290. What is the highest common divisor of 688 and l?
16
Let s be -4*(-18)/1080 + (-238)/(-30). Let o(x) = -67*x**3 - 2*x - 1. Let c be o(-1). What is the greatest common divisor of c and s?
4
Let t be 1 - (-24)/3 - 1. Let q be 1/(10/(-60) - (-962)/(-528) - -2). What is the greatest common divisor of q and t?
8
Let n be (-3)/12 - 999/(-12). Let j be n*6/14 - 150/(-350). Let g = 9 + 0. Calculate the greatest common factor of j and g.
9
Let o(w) = -38*w - 3616. Let i be o(-105). What is the greatest common factor of 88 and i?
22
Let k be (-65)/26 + 3966/12. Calculate the greatest common factor of k and 902.
82
Suppose 55*h + 1540 = 69*h. Calculate the greatest common divisor of h and 1342.
22
Let a(c) = 126*c + 14378. Let n be a(-113). What is the greatest common factor of 16730 and n?
70
Let r = -6 - -12. Let c be ((-20)/r)/((-38)/399). Calculate the highest common divisor of 28 and c.
7
Let t be 16/3*-4*15/(-80). Suppose 0 = t*z + 13*m - 12*m - 22, 0 = 5*z - 5*m - 40. What is the greatest common factor of 39 and z?
3
Let x = 1178 + -1165. Calculate the highest common divisor of x and 793.
13
Suppose 50 = 2*t - 102. Let s = -4374 - -4564. What is the greatest common factor of t and s?
38
Let q(a) = -a + 20. Let n be q(-8). Suppose w = -n + 172. What is the greatest common factor of 16 and w?
16
Suppose y - i - 1456 = 0, -3*y = -5*i + 940 - 5290. What is the highest common factor of 2051 and y?
293
Let d(f) = 34*f**2 + f - 2. Suppose -2*u + 0*u + 108 = 0. Let b = u + -56. Let m be d(b). What is the greatest common divisor of m and 12?
12
Let a(s) = -6*s + 110. Let m be a(2). Let u = 227 + m. What is the highest common divisor of 13 and u?
13
Let z(h) = 138*h**2 - 4*h - 2. Let k be z(-1). Let a = -22 - -20. Let c(f) = -14*f - 8. Let i be c(a). What is the greatest common factor of i and k?
20
Let w(z) = -2*z**3 - 2*z**2 + 5*z + 5382. Let n be w(0). What is the greatest common divisor of 46 and n?
46
Let t(u) = -17*u - 480. Let l be t(-31). What is the greatest common factor of 3572 and l?
47
Let m be ((-15)/4 + 1134/504)*-34. Suppose -2547 = -2*v - 609. What is the highest common factor of m and v?
51
Let y(r) = -2*r - 6. Let h be y(-4). Suppose -24*f + 393 = -543. Suppose m - 9 = h*k, 0*m - 5*m = -4*k - f. Calculate the greatest common factor of m and 77.
7
Let r = -20694 - -20701. Calculate the greatest comm